{"id":1982,"date":"2024-08-07T22:15:25","date_gmt":"2024-08-07T22:15:25","guid":{"rendered":"https:\/\/sielbra.com.br\/?post_type=product&#038;p=1982"},"modified":"2026-03-10T18:31:34","modified_gmt":"2026-03-10T18:31:34","slug":"curso-escrever-e-publicar-um-livro-hibrido","status":"publish","type":"product","link":"https:\/\/sielbra.com.br\/?product=curso-escrever-e-publicar-um-livro-hibrido","title":{"rendered":"Curso escrever e publicar um livro (h\u00edbrido &#8211; presencial e on-line)"},"content":{"rendered":"<blockquote><p><strong>DIAS 28\/3, E 4,11, 18 DE ABRIL<\/strong><\/p>\n<p><strong style=\"background-color: #ffffff;\">CARGA HOR\u00c1RIA\u00a0\u2013\u00a0<\/strong><span style=\"background-color: #ffffff;\">3 horas cada encontro, somando 12h, no total. Aos s\u00e1bados a partir das 14h.<\/span><\/p><\/blockquote>\n<p><strong>INVESTIMENTO \u2013<\/strong> De R$ 250,00 por R$ 160,00<\/p>\n<p><strong>METODOLOGIA \u2013\u00a0<\/strong>Exposi\u00e7\u00e3o, exerc\u00edcios pr\u00e1ticos com os participantes, plant\u00e3o de d\u00favidas e consultoria individualizada.<\/p>\n<p><strong>P\u00daBLICO-ALVO\u00a0\u2013\u00a0<\/strong>Este curso livre n\u00e3o possui pr\u00e9-requisitos. \u00c9 voltado a quem deseja escrever e publicar sua obra, de forma independente ou n\u00e3o, e adequado para novos autores e profissionais liberais.<\/p>\n<p><strong>JUSTIFICATIVA \u2013<\/strong> O livro cumpre as fun\u00e7\u00f5es de preserva\u00e7\u00e3o e propaga\u00e7\u00e3o do conhecimento, forma culturalmente e diverte, \u00e9 base para o aprendizado e da difus\u00e3o de novas informa\u00e7\u00f5es. O acelerado processo de produ\u00e7\u00e3o de conhecimento tem aberto permanentemente lacunas que necessitam da edi\u00e7\u00e3o de novos livros, bem como as recentes ferramentas tecnol\u00f3gicas que permitem ao livro se apresentar em diversos formatos.<\/p>\n<p><strong>OBJETIVO GERAL \u2013<\/strong> Da constru\u00e7\u00e3o e produ\u00e7\u00e3o do livro, do original ao lan\u00e7amento, mercado editorial e mundo liter\u00e1rio virtual.<\/p>\n<p><strong>OBJETIVOS ESPEC\u00cdFICOS \u2013<\/strong> Saber como preparar um original conforme normas da ABNT; entender as rela\u00e7\u00f5es profissionais com fornecedores, a Lei de Direitos Autorais. Conhecer a din\u00e2mica do mercado. Permitir o aprendizado por meio de um exemplo real, evitando erros e desperd\u00edcio de recursos.<\/p>\n<p><strong>Solange S\u00f3lon Borges &#8211;\u00a0<\/strong>Publisher das editoras <a href=\"https:\/\/editoraoartifice.com.br\/\"><strong>O Art\u00edfice<\/strong> e <strong>Trajet\u00f3rias<\/strong> <\/a>(selo voltado a biografias). Mestra em Estudos Culturais (USP Leste), especializa\u00e7\u00e3o em M\u00eddia, Informa\u00e7\u00e3o e Cultura (Celacc\/ECA USP), Comunica\u00e7\u00e3o e Marketing (Faenac) e Design Instrucional (Universidade do Livro).<\/p>\n<p>Ficcionista e poeta premiada, <strong><a href=\"https:\/\/editoraoartifice.com.br\/autores\/solange-solon-borges\/?v=3cb56c81f4b8\">Solange S\u00f3lon Borge<\/a>s<\/strong> \u00e9 autora dos livros <em>Todos os homens s\u00e3o girass\u00f3is<\/em> (pr\u00eamio da Academia Paulistana da Hist\u00f3ria), <em>Jardins Irregulares<\/em> e <em>\u00c0 espera dos girass\u00f3is:<\/em> poesias de amor e espera, ambos de poesia, <em>Mudei meu passado, e agora?<\/em> (romance sci-fi, em parceria com Coca Valen\u00e7a), <em>Janelas abertas para uma can\u00e7\u00e3o desesperada<\/em> (contos), <em>A historinha do cachorro Cheirudo<\/em> e <em>A historinha do bichinho Gord\u00e3o<\/em>, ambos infantis. Jornalista, ex-colunista do Liter\u00e1rio do portal <i>Comunique-se<\/i>.<\/p>\n<p>Conhe\u00e7a mais sobre a editora e autora Solange S\u00f3lon Borges em seu canal de <a href=\"https:\/\/www.youtube.com\/channel\/UCJY9A_NkfSl6YDapo-akcMg\"><strong>YouTube.<\/strong><\/a><\/p>\n","protected":false},"excerpt":{"rendered":"<p>Voc\u00ea poder\u00e1 aprender a escrever e <strong>publicar um livro, <\/strong>o que envolve as etapas de cria\u00e7\u00e3o (reda\u00e7\u00e3o), produ\u00e7\u00e3o (copydesk, estrutura\u00e7\u00e3o, coes\u00e3o textual e revis\u00e3o, diagrama\u00e7\u00e3o, registro do texto, obten\u00e7\u00e3o de ISBN e ficha catalogr\u00e1fica, obrigatoriedade de dep\u00f3sito legal), informa\u00e7\u00f5es sobre mercado editorial e direitos autorais, rela\u00e7\u00e3o com fornecedores, marketplaces, parceiros e formatos poss\u00edveis: livro f\u00edsico ou digital e audiobook.<\/p>\n","protected":false},"featured_media":1332,"comment_status":"open","ping_status":"closed","template":"","meta":[],"product_brand":[],"product_cat":[197,185],"product_tag":[155,178,176,177,180,179],"class_list":{"0":"post-1982","1":"product","2":"type-product","3":"status-publish","4":"has-post-thumbnail","6":"product_cat-cultura","7":"product_cat-literatura","8":"product_tag-curso-rapido","9":"product_tag-editoracao","10":"product_tag-literatura","11":"product_tag-livros","12":"product_tag-mercado-editorial","13":"product_tag-publicacao","15":"first","16":"instock","17":"sale","18":"taxable","19":"shipping-taxable","20":"purchasable","21":"product-type-simple"},"_links":{"self":[{"href":"https:\/\/sielbra.com.br\/index.php?rest_route=\/wp\/v2\/product\/1982","targetHints":{"allow":["GET"]}}],"collection":[{"href":"https:\/\/sielbra.com.br\/index.php?rest_route=\/wp\/v2\/product"}],"about":[{"href":"https:\/\/sielbra.com.br\/index.php?rest_route=\/wp\/v2\/types\/product"}],"replies":[{"embeddable":true,"href":"https:\/\/sielbra.com.br\/index.php?rest_route=%2Fwp%2Fv2%2Fcomments&post=1982"}],"wp:featuredmedia":[{"embeddable":true,"href":"https:\/\/sielbra.com.br\/index.php?rest_route=\/wp\/v2\/media\/1332"}],"wp:attachment":[{"href":"https:\/\/sielbra.com.br\/index.php?rest_route=%2Fwp%2Fv2%2Fmedia&parent=1982"}],"wp:term":[{"taxonomy":"product_brand","embeddable":true,"href":"https:\/\/sielbra.com.br\/index.php?rest_route=%2Fwp%2Fv2%2Fproduct_brand&post=1982"},{"taxonomy":"product_cat","embeddable":true,"href":"https:\/\/sielbra.com.br\/index.php?rest_route=%2Fwp%2Fv2%2Fproduct_cat&post=1982"},{"taxonomy":"product_tag","embeddable":true,"href":"https:\/\/sielbra.com.br\/index.php?rest_route=%2Fwp%2Fv2%2Fproduct_tag&post=1982"}],"curies":[{"name":"wp","href":"https:\/\/api.w.org\/{rel}","templated":true}]}}