{"id":2173,"date":"2025-06-02T18:09:59","date_gmt":"2025-06-02T18:09:59","guid":{"rendered":"https:\/\/sielbra.com.br\/?post_type=product&#038;p=2173"},"modified":"2026-01-20T21:03:00","modified_gmt":"2026-01-20T21:03:00","slug":"feira-ile-ife-7-de-junho","status":"publish","type":"product","link":"https:\/\/sielbra.com.br\/?product=feira-ile-ife-7-de-junho","title":{"rendered":"FEIRA IL\u00ca IF\u00c9 24 DE JANEIRO 2026"},"content":{"rendered":"<p><mark class=\"has-inline-color has-black-color\">A Feira Il\u00e9-If\u00e8 tem como mote a frase \u201csomos negros o ano inteiro\u201d, pois al\u00e9m de questionar a emancipa\u00e7\u00e3o financeira da popula\u00e7\u00e3o negra, faz cr\u00edticas as a\u00e7\u00f5es pontuais concentradas no m\u00eas da Consci\u00eancia Negra. O ambiente de aquilombamento, respaldado em negocia\u00e7\u00f5es antirracista, traz vestu\u00e1rios e acess\u00f3rios, artigos religiosos e infantis, arte e decora\u00e7\u00e3o, alimentos e bebidas e sa\u00fade e educa\u00e7\u00e3o tudo produzido por gentileza gente preta e perif\u00e9rica.<\/mark><\/p>\n<p>O que \u00e9 il\u00e9-if\u00e8? (nome ioruba, portugu\u00eas ler: ile-Ife, Ile (lar) \u2013 Ife (amor) \u2013 Cidade considerada<br \/>\nber\u00e7o da humanidade, como n\u00e3o tinha um produto local, vivia do artesanato \u2013 Atual Nig\u00e9ria, rica em petr\u00f3leo. Terra do Amor!<\/p>\n<p><strong>DIA 24 DE JANEIRO, S\u00c1BADO, DAS 10H \u00c0S 18H. ENTRADA GRATUITA.<\/strong><\/p>\n<p><a href=\"https:\/\/sielbra.com.br\/?p=2243\"><strong>Saiba mais neste link<\/strong><\/a><\/p>\n<figure class=\"wp-block-embed is-type-video is-provider-youtube wp-block-embed-youtube wp-embed-aspect-16-9 wp-has-aspect-ratio\"><\/figure>\n","protected":false},"excerpt":{"rendered":"<p><mark class=\"has-inline-color has-black-color\">A Feira Il\u00e9-If\u00e8 tem como mote a frase \u201csomos negros o ano inteiro\u201d, pois al\u00e9m de questionar a emancipa\u00e7\u00e3o financeira da popula\u00e7\u00e3o negra, faz cr\u00edticas as a\u00e7\u00f5es pontuais concentradas no m\u00eas da Consci\u00eancia Negra. O ambiente de aquilombamento, respaldado em negocia\u00e7\u00f5es antirracista, traz vestu\u00e1rios e acess\u00f3rios, artigos religiosos e infantis, arte e decora\u00e7\u00e3o, alimentos e bebidas e sa\u00fade e educa\u00e7\u00e3o tudo produzido por gentileza gente preta e perif\u00e9rica.<\/mark><\/p>\n<p><strong>ENTRADA GRATUITA<\/strong><\/p>\n","protected":false},"featured_media":2174,"comment_status":"open","ping_status":"closed","template":"","meta":[],"product_brand":[],"product_cat":[201,197,202,199,200,198],"product_tag":[203,204,205,206,207,208,209],"class_list":{"0":"post-2173","1":"product","2":"type-product","3":"status-publish","4":"has-post-thumbnail","6":"product_cat-afroempreendedorismo","7":"product_cat-cultura","8":"product_cat-debates","9":"product_cat-empreendedorismo","10":"product_cat-eventos","11":"product_cat-musica","12":"product_tag-cultura","13":"product_tag-debates","14":"product_tag-empreendedorismo","15":"product_tag-eventos","16":"product_tag-movimento-afroeempreendedor","17":"product_tag-musica","18":"product_tag-negocios","20":"first","21":"instock","22":"taxable","23":"shipping-taxable","24":"purchasable","25":"product-type-simple"},"_links":{"self":[{"href":"https:\/\/sielbra.com.br\/index.php?rest_route=\/wp\/v2\/product\/2173","targetHints":{"allow":["GET"]}}],"collection":[{"href":"https:\/\/sielbra.com.br\/index.php?rest_route=\/wp\/v2\/product"}],"about":[{"href":"https:\/\/sielbra.com.br\/index.php?rest_route=\/wp\/v2\/types\/product"}],"replies":[{"embeddable":true,"href":"https:\/\/sielbra.com.br\/index.php?rest_route=%2Fwp%2Fv2%2Fcomments&post=2173"}],"wp:featuredmedia":[{"embeddable":true,"href":"https:\/\/sielbra.com.br\/index.php?rest_route=\/wp\/v2\/media\/2174"}],"wp:attachment":[{"href":"https:\/\/sielbra.com.br\/index.php?rest_route=%2Fwp%2Fv2%2Fmedia&parent=2173"}],"wp:term":[{"taxonomy":"product_brand","embeddable":true,"href":"https:\/\/sielbra.com.br\/index.php?rest_route=%2Fwp%2Fv2%2Fproduct_brand&post=2173"},{"taxonomy":"product_cat","embeddable":true,"href":"https:\/\/sielbra.com.br\/index.php?rest_route=%2Fwp%2Fv2%2Fproduct_cat&post=2173"},{"taxonomy":"product_tag","embeddable":true,"href":"https:\/\/sielbra.com.br\/index.php?rest_route=%2Fwp%2Fv2%2Fproduct_tag&post=2173"}],"curies":[{"name":"wp","href":"https:\/\/api.w.org\/{rel}","templated":true}]}}